 List the prime factors of p.
3, 11, 13
Let k(g) = -3*g**2 + 821*g + 945. List the prime factors of k(112).
5, 7, 1579
Let g(f) = -15*f - 53. Let z be g(-9). Suppose 1395 = -z*a + 91*a. What are the prime factors of a?
5, 31
Let w(r) = r**3 + 25*r**2 + 27*r + 79. Let t be w(-24). Suppose 21*f = t*f + 3332. What are the prime factors of f?
2, 7, 17
Let l(s) be the first derivative of 3*s**4/4 - 7*s**3/3 - 27*s**2/2 + 121*s - 58. List the prime factors of l(7).
2, 3, 103
Suppose -14*b = -10*b - 12. Suppose -3*s = -c + 883, b*s = -4*c + 5223 - 1691. Suppose -855 = -11*y + c. List the prime factors of y.
2, 79
Let h(c) = -c - 4. Let q be h(-12). Suppose 2*m - q*m = 0. Suppose 4*t - 710 + 270 = m. List the prime factors of t.
2, 5, 11
Suppose 5*y + 10 = 0, 15*y = -5*n + 16*y + 4307. Suppose 549 + n = 10*d. What are the prime factors of d?
3, 47
Let h = -322 - -1015. Suppose -28*m + h = -19*m. List the prime factors of m.
7, 11
Let l(r) = 30*r**3 + 12*r**2 - 209*r + 12. What are the prime factors of l(9)?
3, 6991
Suppose h = -4*l - h + 34, 2*l - 2 = 4*h. Suppose -l*q = -2309 - 43. List the prime factors of q.
2, 3, 7
Let u(f) = 2*f**2 + 10*f + 21. Let a be -3 - 2 - (4 - 5)*20. What are the prime factors of u(a)?
3, 23
Suppose 10 = -2*i + d, -3*i = -5*d - 2 + 24. Let j be 106*((-15)/10 - i). Suppose -4*s - j = -5*b + 63, -198 = -3*b + 2*s. What are the prime factors of b?
2, 17
Let d = 24770 - 15815. Suppose 16*w - w = d. List the prime factors of w.
3, 199
What are the prime factors of 26 + -25 - 10254/(-1)?
5, 7, 293
Let n(d) = -4*d**2 - 7 + 13*d + 0*d + 0*d - 2*d**3 - 15*d. Let l(g) = -g**3 - 5*g**2 - 4*g + 1. Let h be l(-3). What are the prime factors of n(h)?
3, 17
Suppose 22213 + 29773 = 44*m + 7898. List the prime factors of m.
2, 3, 167
Let n = 12260 + -3236. List the prime factors of n.
2, 3, 47
Suppose 13*d - 16*d + 6 = 0. Suppose d*f - 4 = 6. List the prime factors of -2*-542*f/20.
271
Let s(w) = 574*w - 75. Let u be s(5). Suppose 9*h - u + 149 = 0. List the prime factors of h.
2, 3, 7
Suppose -g - 5*h - 6615 = -55467, 10*g - 2*h = 488364. List the prime factors of g.
3, 73, 223
Suppose -40 + 136 = 3*g. Suppose -3*w - f = 26, 3*f - g = 3*w + 7*f. What are the prime factors of (-1)/((3/(-6))/((-68)/w))?
17
Suppose 7*o = 2*o - g + 57888, 11580 = o - g. What are the prime factors of o?
2, 7, 827
Let a(z) = -z**3 + 23*z**2 + 35*z + 5. Let c be a(11). Suppose -5*o + l + 3115 = 0, -6*l = 3*o - 6*o + c. What are the prime factors of o?
2, 3, 13
Let h be (-2)/(7 + -2 - 1)*44. Let b = 38 - h. Let a = 87 - b. List the prime factors of a.
3
Let q = -118 - -112. What are the prime factors of (-4599)/q - 6*1/4?
3, 5, 17
Suppose 4*h - 2*c - 11389 = 60557, -h = 3*c - 18011. List the prime factors of h.
2, 5, 7, 257
Suppose -6*i + 2*i + 3664 = 0. List the prime factors of i*((-5)/((-10)/(-1)))/(-1).
2, 229
Let q be 2/(-5)*(-10)/8*0. Suppose q = 2*z + z - 6. Suppose 0 = -z*f - 22 + 74. What are the prime factors of f?
2, 13
List the prime factors of (287479/213)/(3 - (-16)/(-6)).
4049
Let n be (258 - 18) + -1 + 1. Suppose -4*p = 3*w - 120, 0*p = 3*w + 2*p - 126. Suppose -5*j = -3*t + 173, 4*t + 4*j - n = w. What are the prime factors of t?
2, 3, 11
Let z(t) = -2*t + 177. Let l be z(0). Let q = 67 + l. What are the prime factors of q?
2, 61
Suppose 2*q + 9*q + 385154 = 33*q. List the prime factors of q.
7, 41, 61
Let n(m) = 144*m**3 + 4*m**2 + 1 - 6*m + m + 0 + 3*m. What are the prime factors of n(2)?
5, 233
Let l = 242 - 237. Suppose -l*x - 5*b + 4361 = 1746, 5*x - 4*b = 2642. List the prime factors of x.
2, 263
Let s(x) be the third derivative of 0 + 1/3*x**4 + 0*x - 11*x**2 + 5*x**3. List the prime factors of s(10).
2, 5, 11
Suppose 3*i - 2 = 2*y, 0 = 2*i - 3*y + 7 - 0. Suppose 0 = 5*j + 2*g - 833 - 218, -4*g = i*j - 836. What are the prime factors of j?
211
Let i(r) = 2*r**2 + 7*r + 1. Let t = -54 + 56. Suppose 8 = g + t*h, -5*g - 3*h = -2*g - 21. List the prime factors of i(g).
5, 23
Let d = 83 + -79. Suppose 4 = 4*a - d. Suppose -j - 54 - 25 = -x, 2 = -a*j. List the prime factors of x.
2, 3, 13
Suppose 8*m - 9*m + 177 = -4*p, -3*m + 36 = -p. What are the prime factors of 7/((p/(-170))/9)?
2, 7, 17
Suppose 6*x - x = 5. Let w(l) = -3*l**3 + 4*l**2 - l - 4. Let b be w(-1). Suppose 127 + x = b*p. List the prime factors of p.
2
Suppose i = -2*s + 47, -3 - 7 = -2*i. Suppose s*m - 863 - 22657 = 0. List the prime factors of m.
2, 5, 7
Let j(b) = b**2 - 11*b + 16. Let n be j(10). Suppose -3*i - 5*x + n*x = -419, 0 = 3*i - 5*x - 427. List the prime factors of i.
139
Let n(l) be the third derivative of -247*l**4/24 - l**3/3 + 26*l**2. What are the prime factors of n(-1)?
5, 7
Suppose -t - x = 2*x - 16, 0 = t - 3*x + 8. Let n(k) = 33*k**2 - 13*k - 1. What are the prime factors of n(t)?
5, 19
Let m(n) be the third derivative of 71*n**4/24 + 83*n**3/6 + n**2 - 14*n. List the prime factors of m(9).
2, 19
Suppose 29 = -2*y + 29. Suppose 0 = 3*a - 0 - 3, 2*i - 5*a - 1205 = y. What are the prime factors of i?
5, 11
Let k(r) = 7597*r**3 - 97*r**2 + 188*r + 4. List the prime factors of k(2).
2, 3, 211
Let z(w) = -2*w**2 + 64*w + 17. Suppose 57 = -25*c + 432. List the prime factors of z(c).
17, 31
Let u = 66447 - 1152. List the prime factors of u.
3, 5, 1451
Let h(m) = 61*m**2 + 3*m - 6. List the prime factors of h(1).
2, 29
Suppose -18*s + 300 = 7*s. Suppose -4*l = -5*b - 4078, -13*l + s*l = 5*b - 1032. List the prime factors of l.
2, 7, 73
Suppose -24*c + 64015 - 36464 = -201913. What are the prime factors of c?
3, 3187
Let q be (-1)/(11/44) - -283*2. Suppose q = 3*u - 407. List the prime factors of u.
17, 19
Let r(x) = 5*x**2 + 5*x - 26. Let l be r(-11). Suppose 5*t = -t + 4542. Let u = t - l. List the prime factors of u.
233
Let h(k) = 7*k + 64. Suppose 2*r = 6*r - 7*r. Let g be h(r). Suppose 0 = g*c - 63*c - 205. List the prime factors of c.
5, 41
Let s(p) = 66*p + 34. Let h(t) = 22*t + 12. Let x(v) = -17*h(v) + 6*s(v). List the prime factors of x(11).
2, 11
Let g be 2/6 + (4 - (-95)/(-15)). Let f be (-3 + 40 - -3)/(g/(-7)). Suppose 2*x = f - 30. What are the prime factors of x?
5, 11
Let z(f) = -f**3 - 7*f**2 + 7*f - 9. Let c be z(-8). Suppose -2*m = -87 - 93. List the prime factors of (54/45)/((-88)/m - c).
2, 3
Let l = -30 - -89. Suppose 55*b = l*b - 12. What are the prime factors of 141*(3 - 0)/(6 - b)?
3, 47
Suppose -5*w + 6453 + 52420 = 3*s, 2*s = -4*w + 39252. What are the prime factors of s?
2, 613
List the prime factors of 19520 + (-4)/(-38) + (-2800)/(-475).
2, 13, 751
Suppose 5*j = 0, 0 = -3*c - 2*c + 5*j + 35. Suppose -c*t = -11525 + 3965. List the prime factors of t.
2, 3, 5
List the prime factors of 244032/4 - 507/39.
5, 11, 1109
Let j be (-403713)/99 - 9/99. Let w = -2269 - j. What are the prime factors of w?
3, 67
Suppose 3*j + 17 - 2 = 0, 0 = -2*s + 3*j + 85. List the prime factors of 20/s*7 + 349.
353
Let a be (-20)/3*-9*115/92. Let p = 5 + -3. Suppose 693 - a = p*y. What are the prime factors of y?
3, 103
Suppose -6 = -16*c + 15*c. Suppose c*s - 45 = 147. Suppose -3*r + 22 = -s. What are the prime factors of r?
2, 3
Let p be 48/28*(-7700)/(-8). Suppose -27*u + 9582 = -p. What are the prime factors of u?
2, 13
Let c be 0 - (-11921)/4 - 16/64. Suppose -5*k + 3*u = -7481, -8*u + c = 2*k - 3*u. List the prime factors of k.
5, 13, 23
Suppose 15*n - 118035 = -18*n + 18*n. What are the prime factors of n?
3, 43, 61
Suppose -6*u + 225 = -u. Suppose -f = 12 + u. List the prime factors of 12/9*f/(-2).
2, 19
Let g be -48*860/(-45) + (-2)/6. Suppose -t - g = -2*v - 6*t, -v - 4*t = -457. Let s = v + -210. What are the prime factors of s?
251
Suppose 107*t - 192675 = 2172. List the prime factors of t.
3, 607
Suppose 6*n = 28 + 8. Let s be (4 - 15/n)/(1/332). Suppose -76*m + 78*m - s = 0. List the prime factors of m.
3, 83
Let j(o) = 2*o**2 - 149*o - 45. Let y be j(30). Let p = y + 4284. List the prime factors of p.
3, 523
Let d = 92 + -96. Let y(n) = 22*n**2 - 9*n - 1. List the prime factors of y(d).
3, 43
Suppose -5*c - 5*i - 3 = 2, 0 = 3*c - 3*i - 9. Suppose -3 = y - c. What are the prime factors of (-318)/y*(-4)/(-6)?
2, 53
Let x(k) = -k**2 - 13*k + 4. Let s be x(-13). Let b(q) = q - 2. Let p be b(s). What are the prime factors of (p + 2 - 3)/(3/114)?
2,